ate b(-144).
141
Let l(u) = -7*u**2 + 4961*u - 24667. Give l(5).
-37
Let s(j) = j**3 + 87*j**2 + 1872*j + 387. What is s(-38)?
7
Let r(o) = 107*o**2 + 631*o - 1875. Calculate r(3).
981
Let d(b) = -7*b**2 - 187*b - 303. Determine d(-33).
-1755
Let x(n) = -n**3 + 89*n**2 + 669*n - 67144. Determine x(88).
-528
Let f(m) = -3*m**2 + 800*m - 39231. Calculate f(199).
1166
Let m(h) = 461*h - 94030. What is m(204)?
14
Let y(s) = 7*s**3 + s**2 + 48*s - 141. What is y(4)?
515
Let a(i) = 72*i**2 - 1821*i + 358. What is a(25)?
-167
Let d(n) = -54*n**2 + 2034*n + 685. Determine d(38).
1
Let a(l) = 2*l**2 + 490*l - 38029. Calculate a(-308).
779
Let o(m) = -m**2 - 1338*m - 19867. Give o(-15).
-22
Let p(y) = 8*y**3 + y**2 - 190*y + 377. Give p(2).
65
Let r(p) = -61*p**2 - 3*p + 4. What is r(-1)?
-54
Let z(i) = -64820*i + 1685287. Determine z(26).
-33
Let w(t) = -6223*t - 81091. Calculate w(-13).
-192
Let o(w) = 257*w + 8557. Give o(-39).
-1466
Let z(r) = r**2 - 45*r - 6181. Determine z(-59).
-45
Let l(q) = 4*q**2 + 2681*q + 1055. Calculate l(-670).
385
Let b(m) = -3*m**2 + 61*m + 630. Calculate b(25).
280
Let l(r) = 2*r**2 - 515*r - 6387. Determine l(-12).
81
Let q(b) = 2043*b - 980667. What is q(480)?
-27
Let t(u) = -275*u + 73032. Calculate t(266).
-118
Let c(p) = p**3 - 20*p**2 - 555*p - 659. Determine c(36).
97
Let x(g) = -17612*g + 17600. Determine x(1).
-12
Let a(r) = 3035*r + 1620694. What is a(-534)?
4
Let d(p) = 2*p**2 + 1946085*p - 1946084. Calculate d(1).
3
Let f(d) = 8*d**3 + 71*d**2 - d - 34. Determine f(-9).
-106
Let z(m) = 2*m**2 - 24346*m + 2677767. What is z(111)?
3
Let w(d) = -d**3 - 341*d**2 + 1461*d + 27990. Give w(-345).
45
Let x(n) = -4040*n - 379779. Determine x(-94).
-19
Let w(o) = 344312*o + 2065869. Determine w(-6).
-3
Let m(y) = 2556*y + 63895. Determine m(-25).
-5
Let z(m) = -m**3 + 25*m**2 + 107*m + 245. Give z(-6).
719
Let s(f) = -205*f**2 + 1233*f - 60. Give s(6).
-42
Let v(w) = 284*w + 44. Give v(-3).
-808
Let i(p) = 4*p**3 + 144*p**2 + 1020*p - 539. What is i(-26)?
-19
Let h(d) = -d**3 - 224*d**2 - 347*d + 21668. Calculate h(-222).
134
Let t(q) = 5*q**3 + 257*q**2 + 92*q - 347. What is t(-51)?
163
Let k(p) = 24156*p + 24129. Determine k(-1).
-27
Let r(m) = -16*m**2 + 3460*m - 162886. Calculate r(147).
-10
Let q(w) = 81*w**3 + w**2 + 1994*w + 1994. Give q(-1).
-80
Let l(t) = -t**3 + 67*t**2 + 164*t + 1788. Give l(70).
-1432
Let p(z) = -6*z**3 + 171*z**2 - 16*z - 2102. Determine p(28).
-198
Let p(a) = -184*a**2 + 3225*a - 3049. Determine p(1).
-8
Let w(s) = -2991*s + 125724. Determine w(42).
102
Let w(s) = -3*s**2 + 115*s + 7397. Give w(72).
125
Let c(t) = -4*t**2 - 58*t + 2239. Give c(13).
809
Let a(x) = -10*x**2 - 1505*x + 16900. Calculate a(-161).
-5
Let w(y) = -90*y**3 - 542*y**2 - 18*y. What is w(-6)?
36
Let c(n) = -200*n - 17539. What is c(-78)?
-1939
Let w(t) = -336*t + 10525. Give w(33).
-563
Let i(y) = 2*y**3 + 65*y**2 - 539*y + 32. Calculate i(-39).
1280
Let y(b) = 41*b**3 + 296*b**2 + 40*b - 176. Determine y(-7).
-15
Let v(z) = 673*z + 2964. Determine v(-5).
-401
Let n(y) = 15*y**2 + 3288*y - 16802. Determine n(5).
13
Let u(n) = -306763*n + 3067609. What is u(10)?
-21
Let r(y) = -746*y + 395. Give r(1).
-351
Let d(y) = 21*y**2 - 21069*y + 433179. Determine d(21).
-9
Let o(f) = -188*f + 2907. Determine o(16).
-101
Let a(p) = -484*p - 32529. Determine a(-67).
-101
Let l(d) = -30331*d + 1455884. Calculate l(48).
-4
Let s(z) = -87*z**2 - 2788*z - 18095. Calculate s(-23).
6
Let u(l) = 671*l**3 + 25500*l**2 + 157*l + 3086. Determine u(-38).
8
Let w(m) = m**2 - 44*m - 3686. Determine w(87).
55
Let x(t) = 3*t**3 - 152*t**2 - 1016*t - 3827. What is x(57)?
-8
Let j(w) = 424*w - 14005. What is j(33)?
-13
Let z(f) = -1896572*f - 9482844. Determine z(-5).
16
Let u(b) = 3*b**3 - 13*b**2 + 156*b - 1397. Give u(9).
1141
Let s(x) = x**2 + 59*x + 1600. Calculate s(-76).
2892
Let r(b) = -6*b**3 + 354*b**2 - 363*b + 315. Calculate r(58).
-555
Let y(i) = 45682*i - 365444. What is y(8)?
12
Let f(g) = -71*g**2 - 8830*g - 11931. Determine f(-123).
0
Let k(z) = -3*z**3 - 174*z**2 + 189*z - 565. Calculate k(-59).
-1273
Let x(r) = 6*r**2 - 153*r - 26. Give x(29).
583
Let g(q) = q**2 - 3293*q + 253900. Determine g(79).
-6
Let t(y) = -2290605*y - 22906050. Give t(-10).
0
Let y(b) = 9*b**2 + 1659*b + 2138. Determine y(-183).
-58
Let m(q) = 55*q - 2474. What is m(27)?
-989
Let r(f) = -4*f**2 - 1437*f + 5300. Calculate r(-363).
-145
Let o(h) = 25*h**3 - 376*h**2 + 18*h - 33. Give o(15).
12
Let c(o) = o**3 - 5*o**2 + 31305*o + 62626. Calculate c(-2).
-12
Let g(c) = -1041*c**2 - 14572*c + 81. Calculate g(-14).
53
Let g(i) = -1604*i + 243. Determine g(1).
-1361
Let q(a) = 2447*a + 643575. Determine q(-263).
14
Let b(c) = 4*c**3 - 729*c**2 + 282*c - 18217. What is b(182)?
-17
Let h(q) = 30511*q - 976372. Determine h(32).
-20
Let u(r) = -3*r**3 - 450*r**2 + 646*r + 29135. What is u(-151)?
-8
Let r(d) = 51*d**2 + 814*d - 62. Calculate r(-15).
-797
Let m(v) = 155*v - 7104. What is m(42)?
-594
Let h(r) = -1466*r - 740394. What is h(-505)?
-64
Let p(k) = -1197*k - 9736. Give p(-8).
-160
Let o(g) = -4*g**2 - 28*g + 1011. Calculate o(-17).
331
Let y(x) = -315*x**2 + 21416*x + 277. Determine y(68).
5
Let x(c) = -141*c + 4780. Determine x(34).
-14
Let u(q) = -769212*q + 16922663. What is u(22)?
-1
Let w(l) = 65*l**2 + 893*l + 606. Give w(-13).
-18
Let q(x) = 84*x - 1093. What is q(10)?
-253
Let v(j) = 5*j**2 + 9*j - 1080. Give v(-16).
56
Let m(j) = 170481*j - 3580092. Determine m(21).
9
Let g(m) = -6*m**2 - 15363*m - 15365. Determine g(-1).
-8
Let c(j) = 23*j**2 - 200*j + 393. Calculate c(7).
120
Let s(t) = 778*t - 7383. Give s(8).
-1159
Let r(k) = -165*k**2 - 1767*k + 541. Calculate r(-11).
13
Let w(r) = -453355*r - 9520460. Calculate w(-21).
-5
Let f(r) = 6*r**3 + 2665*r**2 - 2222*r + 1409. What is f(-445)?
74
Let i(p) = 2*p**2 - 30*p - 210. Calculate i(22).
98
Let g(x) = -67*x**3 + 153*x**2 + 43*x - 62. Calculate g(3).
-365
Let l(u) = 14*u**3 + 1307*u**2 + 12026*u - 767. What is l(-83)?
-20
Let f(d) = -d**3 + 172*d**2 + 49250*d + 300. Calculate f(-152).
-4
Let j(o) = 7*o**2 - 1671*o + 9980. Determine j(6).
206
Let w(y) = -28*y - 754. Give w(-20).
-194
Let u(k) = -977*k - 174536. Calculate u(-179).
347
Let i(l) = 451*l - 36997. Calculate i(82).
-15
Let y(b) = -2774*b + 85932. Give y(31).
-62
Let f(n) = 106*n**3 + 1273*n**2 - 18*n - 24. What is f(-12)?
336
Let c(u) = 6*u**2 + 516*u - 502. Calculate c(-87).
20
Let g(l) = -37*l**2 + 6690*l + 1269. Calculate g(181).
2
Let n(o) = -o**3 - 27*o**2 - 577*o - 15198. Determine n(-27).
381
Let t(r) = -r**2 + 176*r - 4412. Calculate t(31).
83
Let x(h) = h**3 - 347*h**2 + 10918*h + 605. What is x(312)?
-19
Let v(h) = 117*h**2 - 4557*h + 20. Determine v(39).
254
Let v(r) = 272*r - 105473. Determine v(383).
-1297
Let x(g) = 3*g**2 - 157*g - 4052. Give x(72).
196
Let p(o) = 29*o**2 - 600*o + 3122. Determine p(11).
31
Let v(k) = -k**2 - 242*k - 5255. Determine v(-24).
-23
Let g(l) = 95341*l - 3146231. Give g(33).
22
Let m(q) = 20*q**3 + 3*q**2 + 33223*q - 33229. What is m(1)?
17
Let x(i) = 68967*i + 965334. Determine x(-14).
-204
Let f(k) = 304*k**2 + 2180*k + 65. Give f(-7).
-299
Let l(i) = 2*i**3 + 194*i**2 + 1097*i + 32779. Determine l(-93).
-50
Let h(u) = u**3 - 24*u**2 + 16*u + 540. Determine h(22).
-76
Let q(z) = -826*z + 3034. Calculate q(3).
556
Let l(h) = -8*h**2 - 10270*h + 20549. What is l(2)?
-23
Let c(r) = -r**2 + 60*r - 277. Determine c(31).
622
Let n(p) = -1333*p + 8480. Determine n(6).
482
Let c(p) = 2*p**3 - 104*p**2 - 7101*p + 127. Calculate c(91).
-146
Let n(l) = -5448*l - 375902. Calculate n(-69).
10
Let n(l) = -l**3 + 28*l**2 - 88*l - 707. Give n(22).
261
Let h(f) = -614853*f - 8607964. Calculate h(-14).
-22
Let c(w) = -1638*w + 1228524. Give c(750).
24
Let l(a) = 362021*a - 13032729. Determine l(36).
27
Let v(w) = 436515*w - 873033. Calculate v(2).
-3
Let d(g) = 3*g**3 - 1238*g**2 - 2089*g + 179220. Calculate d(414).
-42
Let y(k) = -8*k**2 - 148*k + 2045. Determine y(14).
-1595
Let b(l) = l**2 + 425*l + 43986. Give b(-249).
162
Let p(i) = 926*i - 12960. What is p(14)?
4
Let h(a) = 386*a + 1132. Give h(-3).
-26
Let g(q) = 9*q**2 + 99*q + 134. Determine g(-8).
-82
Let k(q) = -10*q**3 + 137*q**2 - 248*q 